3.
820
What is -9c46 (base 16) in base 10?
-40006
Convert 7c51 (base 16) to base 13.
11641
Convert 11001011100 (base 2) to base 3.
2020022
What is -3853 (base 11) in base 13?
-2391
-10335 (base 6) to base 5
-21202
What is -1522 (base 15) in base 12?
-2758
Convert 1152 (base 6) to base 5.
2114
Convert -1292 (base 10) to base 15.
-5b2
What is -21020 (base 3) in base 15?
-d0
-4032 (base 11) to base 13
-2593
-10507 (base 9) to base 14
-2781
-518 (base 11) to base 9
-763
Convert -120010101 (base 3) to base 15.
-3401
-1878 (base 13) to base 10
-3648
What is 2122020 (base 4) in base 14?
3848
What is -546 (base 15) in base 16?
-4a7
-2343413 (base 5) to base 3
-2012211010
What is 805 (base 11) in base 5?
12343
Convert -123 (base 6) to base 16.
-33
-133012 (base 5) to base 4
-1110012
Convert -2117 (base 9) to base 16.
-613
Convert 2021 (base 4) to base 11.
115
Convert 11253 (base 8) to base 6.
34043
What is -114 (base 11) in base 6?
-344
-2544 (base 10) to base 11
-1a03
-31124 (base 8) to base 11
-9753
What is 7482 (base 10) in base 3?
101021010
Convert -4420 (base 5) to base 10.
-610
Convert a82 (base 11) to base 5.
20200
Convert -676 (base 12) to base 13.
-585
Convert 1022111 (base 3) to base 4.
32332
What is 15000 (base 6) in base 2?
100101001000
3702 (base 8) to base 5
30421
4663 (base 9) to base 14
1391
What is 6600 (base 8) in base 7?
13035
What is 110101110100101 (base 2) in base 5?
1340212
Convert 26 (base 13) to base 10.
32
346362 (base 7) to base 11
42873
256 (base 15) to base 6
2243
Convert -31553 (base 9) to base 6.
-240333
Convert -7344 (base 8) to base 10.
-3812
Convert 31441 (base 6) to base 9.
5767
Convert 1762 (base 8) to base 3.
1101102
What is -12000011 (base 3) in base 12?
-2141
Convert 1212 (base 6) to base 11.
24a
Convert 2128 (base 9) to base 15.
6e5
Convert -d3ec (base 16) to base 7.
-314112
What is -6a2a (base 14) in base 4?
-10200132
What is 211112 (base 3) in base 10?
608
-1402 (base 7) to base 15
-261
3477 (base 11) to base 13
20cb
Convert 2c1 (base 14) to base 12.
3a9
What is -14301 (base 7) in base 3?
-12101020
-3302212 (base 4) to base 5
-444101
Convert 1210 (base 12) to base 9.
2703
-217d (base 16) to base 12
-4b65
Convert 4120223 (base 5) to base 6.
1233522
320302 (base 4) to base 3
11222121
1016 (base 7) to base 10
356
Convert -576 (base 8) to base 5.
-3012
What is 345 (base 14) in base 5?
10044
Convert 1475 (base 8) to base 7.
2263
Convert -45330 (base 7) to base 11.
-86a3
What is 8b4 (base 15) in base 16?
7b1
What is -a6a (base 11) in base 14?
-67c
What is -33699 (base 10) in base 8?
-101643
1479 (base 15) to base 16
1125
Convert -116515 (base 7) to base 6.
-243351
Convert 546 (base 13) to base 5.
12103
Convert -11012 (base 7) to base 2.
-101011000001
What is 10 (base 11) in base 14?
b
-1336 (base 7) to base 11
-430
What is -111100110000 (base 2) in base 16?
-f30
77 (base 15) to base 12
94
-1116 (base 8) to base 14
-302
-d5 (base 14) to base 8
-273
Convert 2012102122 (base 3) to base 12.
210a5
-1301 (base 5) to base 8
-311
-3501 (base 9) to base 5
-40333
-4877 (base 11) to base 2
-1100011101000
What is 33175 (base 8) in base 2?
11011001111101
1d04 (base 16) to base 12
4370
What is 122534 (base 8) in base 6?
523552
-1105 (base 10) to base 12
-781
-741 (base 8) to base 14
-265
Convert 4310 (base 7) to base 15.
6bb
What is -1525c (base 14) in base 13?
-1ac3c
What is 128 (base 11) in base 5?
1101
-44296 (base 10) to base 11
-3030a
Convert -3b94 (base 12) to base 8.
-15340
What is 1101010010 (base 2) in base 4?
31102
-2223324 (base 5) to base 12
-1a83a
Convert -157 (base 13) to base 11.
-1aa
Convert 487 (base 11) to base 13.
357
Convert 102112121 (base 3) to base 7.
33346
What is -759 (base 12) in base 6?
-4553
3645 (base 12) to base 13
2a14
-11173 (base 8) to base 4
-1021323
Convert -1d41 (base 15) to base 6.
-45241
Convert 2122221 (base 3) to base 16.
796
Convert -687 (base 13) to base 9.
-1480
5251 (base 7) to base 10
1849
-101000111010000 (base 2) to base 9
-31651
Convert 27743 (base 10) to base 8.
66137
Convert 2320022 (base 5) to base 8.
121637
What is -6be (base 15) in base 6?
-11025
-74 (base 16) to base 15
-7b
928 (base 11) to base 8
2137
Convert 3100 (base 11) to base 14.
16dc
-102013 (base 4) to base 10
-1159
Convert -1221 (base 6) to base 11.
-254
Convert 4300 (base 9) to base 10.
3159
What is -150 (base 7) in base 10?
-84
-21060 (base 11) to base 8
-73727
What is -1110100100 (base 2) in base 6?
-4152
20234 (base 5) to base 2
10100100111
Convert 24200 (base 7) to base 4.
1202000
111111011 (base 2) to base 5
4012
What is 101000110111 (base 2) in base 15?
b95
-4604 (base 8) to base 13
-1155
Convert -3546 (base 12) to base 3.
-22011200
202201021 (base 3) to base 6
153524
-21296 (base 12) to base 15
-cdbc
What is 10012 (base 5) in base 10?
632
Convert 18371 (base 13) to base 10.
46736
Convert 57012 (base 9) to base 6.
451315
-32130 (base 4) to base 9
-1236
What is -10010001 (base 2) in base 9?
-171
-68e (base 16) to base 8
-3216
280 (base 12) to base 7
1056
What is -993 (base 13) in base 6?
-11333
12713 (base 10) to base 6
134505
772 (base 16) to base 8
3562
-3366 (base 10) to base 13
-16bc
What is 133 (base 9) in base 16?
6f
Convert 1674 (base 8) to base 2.
1110111100
What is -1000101000110111 (base 2) in base 3?
-1210112111
Convert 33450 (base 6) to base 4.
1021212
2111 (base 5) to base 6
1145
10411 (base 9) to base 16
1aef
-32202 (base 5) to base 3
-2222122
Convert -3042 (base 6) to base 10.
-674
What is -101100011101000 (base 2) in base 14?
-841a
What is 235 (base 14) in base 8?
667
What is -1201121 (base 3) in base 12?
-88a
375 (base 13) to base 16
25b
Convert -66 (base 16) to base 6.
-250
Convert -3147 (base 13) to base 11.
-513a
What is 233100 (base 4) in base 11?
22aa
Convert -3235 (base 6) to base 14.
-3b1
300102 (base 4) to base 7
12003
Convert 1bc (base 16) to base 6.
2020
-2447 (base 8) to base 4
-110213
What is -1243 (base 7) in base 4?
-13120
25042 (base 6) to base 11
2862
Convert 40343 (base 8) to base 14.
60a7
Convert 22284 (base 9) to base 8.
34742
Convert 24671 (base 8) to base 9.
15577
What is -13aa (base 12) in base 3?
-10010211
What is 11202120 (base 3) in base 6?
24023
Convert aa6a (base 11) to base 4.
3210010
Convert 5ce (base 15) to base 13.
7a6
What is 30300312 (base 4) in base 6?
1042010
261 (base 14) to base 11
3a4
Convert 252515 (base 7) to base 9.
70775
Convert -343142 (base 5) to base 13.
-579c
Convert 1085 (base 9) to base 6.
3422
470 (base 11) to base 5
4221
Convert -3ab (base 12) to base 7.
-1433
What is 24 (base 14) in base 2?
100000
2b69 (base 14) to base 8
17071
Convert 133200 (base 4) to base 11.
1573
Convert 4b (base 16) to base 7.
135
202202002 (base 3) to base 11
103a8
7878 (base 15) to base 3
1022000212
Convert 20110 (base 3) to base 8.
256
15710 (base 12) to base 8
73274
Convert -11617 (base 8) to base 16.
-138f
What is 145 (base 13) in base 10?
226
131023 (base 6) to base 7
46452
What is -1e1 (base 15) in base 12?
-304
-100120000 (base 3) to base 9
-10500
What is -2366 (base 8) in base 3?
-1202001
What is 332 (base 12) in base 6?
2102
2444 (base 6) to base 12
424
Convert -11024 (base 6) to base 10.
-1528
Convert -34333 (base 5) to base 14.
-c84
What is 12004 (base 14) in base 12?
214b0
What is 1107 (base 10) in base 6?
5043
211021 (base 3) to base 2
1001011001
-10007 (base 9) to base 5
-202233
Convert -13241 (base 5) to base 14.
-567
What is 2001333 (base 4) in base 7?
33153
Convert 10101000011 (base 2) to base 4.
111003
242 (base 9) to base 2
11001000
What is 418 (base 11) in base 9?
618
Convert 5140 (base 14) to base 2.
11011010010100
-14860 (base 9) to base 2
-10011111000011
Convert -923 (base 11) to base 3.
-1112021
1011414 (base 5) to base 9
24545
-542 (base 13) to base 9
-1208
What is -d8 (base 14) in base 11?
-163
Convert 605 (base 8) to base 12.
285
1100111011101111 (base 2) to base 15
10a6a
1122 (base 5) to base 10
162
-2788 (base 11) to base 8
-7025
Convert -374 (base 8) to base 5.
-2002
What is -3310132 (base 4) in base 9?
-23414
Convert 1513b (base 13) to base 15.
bbb0
What is 6c50 (base 13) in base 5?
442100
20220121 (base 3) to base 16
13ae
What is 14552 (base 6) in base 10?
2372
-7198 (base 11) to base 14
-369b
-15622 (base 7) to base 10
-4426
What is -